l**2 + 8*l + 8. Let c be h(-7). Let v = 3 - c. What is the units digit of 6/3*v/4?
1
Suppose -5*q + 523 = 28. Let f = -47 + q. What is the tens digit of f?
5
Let t(q) = -q**2 - 9*q + 11. Let l = -3 - -11. Let z(i) = -i**2 + 6*i + 6. Let o be z(l). What is the units digit of t(o)?
1
Let x = -2 + 8. What is the units digit of x?
6
Let x(u) = -u**2 - 2*u + 4. Let s be x(-4). Let r be 3/(-6) + (-3)/2. Let p = r - s. What is the units digit of p?
2
Suppose 1 = -4*i - 5*u, -3*i - 2*i + 4*u + 9 = 0. Suppose h = 8 - i. What is the units digit of (-27)/(-21) - 2/h?
1
Let b(a) = a**3 + 6*a**2 + 6*a + 7. Let h be b(-5). Let f be h - (32/2 - 3). Let x = 6 - f. What is the tens digit of x?
1
Suppose -2*j + 2*z - 6*z = 0, 4*j = 2*z + 50. Let v = j - 8. What is the units digit of v/(((-3)/(-3))/6)?
2
Suppose 3*c + 53 = w - 3*w, 3*w - 4*c + 105 = 0. Let k = w + 20. Let o = 13 + k. What is the units digit of o?
2
Let r = -1 - -3. Suppose -2*v + t + 20 = -3*v, -r*t = 5*v + 103. Let h = -15 - v. What is the units digit of h?
6
Let s(g) = 2*g. Let n be s(1). Suppose n*h = 2*d - d - 20, 71 = 3*d + 5*h. What is the tens digit of d?
2
Let d = 21 - 14. Let b = d - 0. What is the units digit of b?
7
Let s(d) = -d**2 + 5*d + 1. Suppose g = -10*u + 5*u + 11, 4*g = -16. Suppose u*t + 1 - 13 = 0. What is the units digit of s(t)?
5
Let y(o) = -o**2 + 11*o + 8. Let x be y(9). Let l be -6*(1 + x/(-6)). What is the units digit of ((-8)/10)/((-4)/l)?
4
Let q = 3 - 6. Let f = 5 + q. Suppose 6 + f = a. What is the units digit of a?
8
Let y(t) = t**2 + 4*t + 3. Let x be y(-4). Suppose 4*o = 4*i + 48, 2*o + x*i + 2*i + 11 = 0. What is the units digit of o?
7
Let t(f) be the third derivative of -f**4/24 + f**3/6 + 2*f**2. What is the units digit of t(0)?
1
Let r = 204 - -53. What is the hundreds digit of r?
2
Let c(s) = s + 1. Let n be c(7). Let l be (6/n)/((-1)/4). Let b = 8 + l. What is the units digit of b?
5
Let i(h) = -h**2 - 7*h. Let w be i(-7). Suppose w = 3*r - 33 + 6. Let j = -4 + r. What is the units digit of j?
5
Let w(j) = j - 1. Let g be w(0). What is the units digit of (-2 - g)/((-4)/28)?
7
Let d = 15 - 10. Suppose d*o - i = -0*i + 13, -5*o - 4*i + 23 = 0. What is the units digit of o?
3
Suppose m - 3*m + 6 = 0. Suppose -170 = -m*d - 2*d. What is the tens digit of d?
3
Suppose -x + 13 = -0. What is the tens digit of x?
1
What is the tens digit of (-3)/(-9) - ((-185)/3 + 1)?
6
Suppose 0 = -3*w + 5*j + 38, 2*j - 6 = -j. Let b = 19 - w. What is the units digit of b?
3
Let l(g) = -5*g + 10*g + 7*g + g**3 - 11*g**2 + 9. Let k be l(10). Suppose 2*y + 38 = 5*z, 7 - k = -5*z - 2*y. What is the units digit of z?
6
Suppose w - d = 1 - 0, w = -d + 3. Suppose -19 - w = p - 5*l, 4*l = p + 16. Suppose 0 = p*k, -z - 2*k + 2 = 1. What is the units digit of z?
1
Let c(g) = -g**3 + 2*g**2 + 5*g - 4. Let b be c(3). Suppose 0*r - 2*u = -r - b, -5*r + 4*u = -8. What is the units digit of r?
4
Suppose 52*p - 112 = 48*p. What is the units digit of p?
8
Suppose 469 + 1043 = 7*n. What is the units digit of n?
6
Suppose 0*b = 5*b + 75. Let p = b - -16. What is the units digit of p?
1
Let w(d) = -280*d + 5. What is the hundreds digit of w(-1)?
2
Suppose q = -0*q - 2*w + 131, -q + 138 = -5*w. What is the units digit of q?
3
Let v = 24 + -20. Suppose 0 = v*f - 91 + 23. What is the tens digit of f?
1
Let v(d) = 4*d**2 + 4*d + 2. Let s be (-13)/4 - 1/(-4). What is the tens digit of v(s)?
2
Let z be (3/9)/(2/60). Let w = z + -1. What is the units digit of w?
9
Let c(h) = h + 15. Let f be c(0). Let l(j) = -3*j - 6. Let n be l(-9). Let v = n - f. What is the units digit of v?
6
What is the tens digit of 3 + 1 + 0 + 18?
2
Let m = -6 - -10. Let d = 11 + -7. Suppose -3*v + m*n + 40 - 9 = 0, v - 21 = d*n. What is the units digit of v?
5
Suppose -54 - 66 = -2*d. Suppose i = 5*i + d. What is the units digit of 9/i*(-5 + 0)?
3
Let r = 8 - -3. What is the units digit of r?
1
Let y be -3 + (-1 - (-2 + 1)). Let j(d) = -2*d**3 - 4*d**2. Let x be j(y). Suppose 0 = 4*c - 3*c - x. What is the units digit of c?
8
Let v = -25 + 53. Suppose -6*n + v + 26 = 0. What is the units digit of n?
9
Suppose 0 = -4*y + 3*c + 443, 3*y - 2*c = y + 222. What is the tens digit of y?
1
Suppose -4*r + 3*c + 46 = 0, 2*r - 4*c = -0*r + 28. Let g = -2 + r. What is the units digit of g?
8
Suppose -3*u = -7*u + 4*f + 204, 5*f = -4*u + 177. Suppose 3*w - u - 21 = 0. What is the tens digit of w?
2
Let c(d) = d + 1. Let y(q) = -q**2 - 4*q + 10. Let u(o) = -2*c(o) + y(o). Suppose 2*g = 2*v - 2, -32 = 5*g + 2*v + 8. What is the units digit of u(g)?
8
Let g = 2 - 5. Let s be -2*(18 + -3)/g. Suppose -r - r = -s. What is the units digit of r?
5
Suppose -80*y = -74*y - 1128. What is the hundreds digit of y?
1
Let r = 19 + -33. What is the tens digit of (-3)/(3/r) - 2?
1
Let v(p) = -p**3 - 5*p**2 + 10*p - 9. What is the tens digit of v(-8)?
0
Suppose 2*c = i + 85, 15 = 2*i - 5*i. What is the units digit of c?
0
Let h be (-9)/6*(-16)/6. What is the tens digit of 1/(-2) - (-90)/h?
2
Let k be 2 - (1 - 3/1). What is the tens digit of (-12)/k*1 + 15?
1
Suppose -2*c + c = -5. Suppose c*a - 9 = 2*a. What is the units digit of a?
3
Suppose 6 = 5*y - 4. What is the units digit of ((-4)/(-6))/(y/30)?
0
Suppose 5*f = -f + 414. What is the units digit of f?
9
Suppose -q = 3*m - 2*q - 15, 0 = -3*m - 4*q + 15. What is the units digit of 2/2 - (m + -7)?
3
Let j(d) = -35*d**3 + 2*d**2 + 3*d + 1. What is the tens digit of j(-2)?
8
Let o = 2 - 2. Let f(y) = 13 - y + o*y + 2*y. What is the units digit of f(-9)?
4
Suppose -l + 12 = -0*l. What is the units digit of l?
2
Let l(w) = w**3 - 5*w**2 - 7. Let g be l(5). What is the tens digit of (-9 - g)*29/(-2)?
2
Let t = 53 - 43. What is the tens digit of t?
1
Let g = 12 - 0. What is the tens digit of g?
1
Suppose 0 = -z - 7*z + 144. Suppose 3*q + 2*t + 1336 = -2*q, 3*q + 801 = -t. What is the units digit of 2/9 - q/z?
5
What is the units digit of ((-74)/8)/((34/8)/(-17))?
7
Let x(s) = -s**3 - 7*s**2 + 3*s + 8. What is the units digit of x(-8)?
8
What is the units digit of -2 - (-104 + -2 - -1)?
3
Let d(w) = w**3 - 8*w**2 - 28*w - 14. What is the hundreds digit of d(12)?
2
Let b(j) = -1 - 2*j + 36*j + 11*j - 8*j. What is the tens digit of b(1)?
3
Let k(x) = -18*x - 48. What is the tens digit of k(-6)?
6
Let o(j) = 10*j + 9. What is the units digit of o(11)?
9
What is the units digit of (2 - 0) + 26 - -2?
0
Suppose -8 = c - 4*i, -4 = 2*c - 5*i - 0. Let v = 1 + c. Let t(k) = k**3 - 9*k**2 - k + 12. What is the units digit of t(v)?
3
What is the units digit of ((-1)/(-3))/(5/45)?
3
What is the hundreds digit of (-2 + (-9)/(-3))*153?
1
Suppose 0 + 2 = x. Suppose -x = t - 3*d, -8*t - 3*d - 64 = -3*t. Let s = t - -16. What is the units digit of s?
5
Let q(w) = w - 1. Let d(l) = -5*l + 3. Let o(s) = d(s) + 6*q(s). Let m be o(5). Suppose -y + 12 = m*y. What is the units digit of y?
4
Suppose -3*k - 3*v = -v + 17, 3*k - 5*v = -31. Let u = 10 - k. What is the tens digit of u?
1
Suppose -3*s + 60 = 2*x - 5*s, 3*x + 2*s = 90. Suppose 0 = 3*t - t + x. Let i = t + 22. What is the units digit of i?
7
Let h be 33/(-44) + 70/8. Suppose -h = -3*n + 34. What is the units digit of n?
4
Suppose -7 = 4*g + 4*i - 95, -31 = -g + 2*i. Let z = -10 - -16. Suppose z*t - g = t. What is the units digit of t?
5
Suppose -6 = -v - 3. Suppose 2*u = -b + 3*b + 14, -v*b + 2*u = 17. Let p = 6 + b. What is the units digit of p?
3
Let i = -5 + 5. Suppose i = -2*x - 33 + 105. Suppose -4*g = -x - 20. What is the tens digit of g?
1
Let w = 3 + 0. Suppose t = w*t - 64. What is the units digit of t?
2
Suppose 39 = q + 2. Let y = q + -5. What is the tens digit of y?
3
Let j = 2 - 0. Suppose k - 2*h + 2 - 3 = 0, -2*k + j*h = -10. What is the tens digit of 8/(-3 + 33/k)?
1
Suppose 14 = 4*g - 4*q - 34, 3*g - 26 = q. Let h(y) = y + 8. What is the tens digit of h(g)?
1
Suppose 2*b + 130 - 324 = -2*l, -2*l + 288 = 3*b. What is the units digit of b?
4
Suppose -3*l = l - 80. What is the units digit of l?
0
Suppose -3*h - 3 = -9. Suppose -5 = d, 4*d = -h*p - 4 + 20. What is the units digit of 48/p + (-4)/6?
2
Let b be ((-12)/(-10))/((-6)/(-20)). What is the units digit of (-16)/(-12)*6/b?
2
Let j = 71 - 30. What is the units digit of j?
1
Let a = 8 - 3. Let f(j) = j + 9.